divisor of p and 3.
3
Let m be (2 - -22) + (1 - 0). Suppose 0 = 4927*r - 4931*r + 700. What is the greatest common divisor of m and r?
25
Let b = 705 + -670. Calculate the highest common factor of b and 90.
5
Let i = 148 + -141. Calculate the highest common divisor of i and 56.
7
Suppose -3*p = 7 - 4. Let m be 2 + p - (-1 - 26). What is the greatest common factor of 14 and m?
14
Let r(s) = 46*s**3 + s**2 + 5*s - 7. Let f be r(2). What is the greatest common divisor of f and 15?
15
Suppose 0 = -6*q + 662 + 1138. Suppose -3*h = -q + 36. Calculate the highest common divisor of 11 and h.
11
Let l(k) = -k**3 - 9*k**2 - 12*k - 12. Let n be l(-8). Suppose 0 = -2*o - 3*u + n, -5*o - 4*u = -9*u. Calculate the highest common factor of 16 and o.
4
Let w = 39 - -53. Let z be 23 - (-1)/(-3)*0. What is the greatest common factor of z and w?
23
Suppose b - 1 - 4 = 0. Suppose 0 = 2*k - 2*t - 46, 4*k - 3*t = -2*t + 89. Suppose 2*j = -4, -k = -b*o - 0*j + j. What is the highest common divisor of 36 and o?
4
Let b(f) = -f**3 + 18*f**2 - 16*f - 8. Let q be b(17). Suppose 2*w - 9 = q. What is the highest common factor of 81 and w?
9
Let j(r) = -r**3 - 64*r**2 + 22*r - 192. Let v be j(-65). What is the highest common factor of v and 19?
19
Let a be (0 + 7)*(-1 + 7). Let n = -44 + 49. Suppose -n*g + 691 - 166 = 0. Calculate the highest common factor of a and g.
21
Let x(c) = c - 15 - 6 + 8. Let w be x(13). Suppose 0 = -6*d + 3*d + 4*u + 49, w = 4*d + 4*u - 84. Calculate the highest common divisor of d and 133.
19
Let j(d) = -20*d + 35. Let o be j(-4). What is the highest common divisor of o and 23?
23
Let p = 124 + -53. Suppose -g - 2*h = 23, -h + p = -3*g - 2*g. Let r be 6/g + (-111)/(-15). Calculate the highest common divisor of r and 7.
7
Let m(p) = p**2 + 28*p - 505. Let j be m(-41). Suppose 2*w + 3*w = 140. Calculate the highest common factor of w and j.
28
Let d = 104 + -73. Let a = -2202 - -2264. What is the highest common divisor of d and a?
31
Suppose 3*q = 5*b + 24, q + 16 = 3*q - 4*b. Suppose -2*n - 2*r = -27 + 9, 6 = 3*n - 4*r. Let s be 140/30*n/7. What is the greatest common factor of q and s?
4
Let o = -25 - -46. Let g be o + -16 + (-4)/2. Let u(n) = 6*n**3 - 7*n + 3. Let c be u(g). What is the highest common factor of 16 and c?
16
Suppose 11*n - 439 = -109. Calculate the highest common factor of 555 and n.
15
Let p be -4*(-3)/((-48)/(-100)). Let q = p + 17. What is the highest common divisor of q and 105?
21
Let g(c) = -2*c**2 + 23*c + 9. Let z be g(-9). Let l be 2/7 + z/35. Let i = l - -50. Calculate the highest common factor of 10 and i.
10
Let f(g) = g**3 - 10*g**2 + 21*g + 9. Let s be f(7). Suppose 5*v = -15 + 240. What is the highest common divisor of v and s?
9
Let w be 98/16 + 9/(-72). What is the greatest common factor of 78 and w?
6
Suppose -24*i = -426 - 2070. What is the greatest common divisor of i and 39?
13
Let l(r) = r**2 + 7*r + 6. Let b be l(-7). Suppose v - b = -0. Let m be -2*v/8*-100. Calculate the greatest common factor of m and 60.
30
Let j be 1/(-6) - 1524/(-72). Suppose 113 - j = 4*p. Calculate the highest common factor of 207 and p.
23
Suppose 2*q - 32 + 130 = 0. Let b = -27 - q. What is the greatest common factor of b and 77?
11
Let n be (87/3)/((-2)/(2 - 8)). Let c = n + -75. What is the highest common divisor of c and 9?
3
Let w be (-33)/(-5) - 2/(-5). Suppose -7*n + 70 - 658 = 0. Let k = -83 - n. Calculate the highest common divisor of k and w.
1
Suppose 25*d + 6 = 19*d. Let a be 8/40 - (-26)/(-5). Let s be 2 + (a - d - -17). Calculate the greatest common divisor of s and 75.
15
Suppose -231*d + 243*d = 204. What is the highest common divisor of 13 and d?
1
Let v = 69 + -61. Calculate the greatest common divisor of v and 520.
8
Let a(v) = v**3 + 6*v**2 + 3*v + 5. Let j(r) = -5*r - 40. Let o be j(-7). Let q be a(o). Calculate the greatest common divisor of q and 60.
15
Let w = -1197 - -1206. Calculate the greatest common factor of 801 and w.
9
Let n be 432/(-32)*(-3)/(9/2). What is the highest common divisor of 144 and n?
9
Let c be 27 + 42/36*6. What is the highest common divisor of 51 and c?
17
Let y(r) = -10*r - 399. Let h be y(-40). What is the greatest common divisor of 4 and h?
1
Suppose 0*d + 8 = -8*d. Let c = 27 + d. What is the greatest common factor of 78 and c?
26
Let h(p) = -4*p**2 + 104*p + 16. Let r be h(26). Calculate the greatest common factor of r and 856.
8
Suppose -20*v = 5*v - 100. Suppose 0*c - 3*c + 12 = 0. Suppose -b = -4*i + 4*b + 191, 4*b - 164 = -c*i. Calculate the highest common divisor of i and v.
4
Let q(a) = a**3 + 10*a**2 + 9*a + 3. Let j be q(-9). Suppose 2*p - 15 + j = 0. Suppose -p - 14 = -o. Calculate the greatest common factor of 80 and o.
20
Let x = 8 + 1. Let a(k) = k - 5. Let d be a(x). Let h be (-12)/(d/(-4) - 0). What is the greatest common divisor of h and 18?
6
Let q(l) be the third derivative of l**4/8 - 2*l**3/3 - 8*l**2. Let k be q(8). Let m be (-2)/6 - (-16)/3. What is the greatest common factor of k and m?
5
Let b = 16 + -20. Let z(l) = 0*l - 2 + 4 + 2*l + l**2 + 2*l. Let n be z(b). What is the greatest common divisor of 1 and n?
1
Suppose -o + 6*b - 10*b = -22, 4*o + 3*b - 23 = 0. What is the greatest common factor of 170 and o?
2
Suppose 6*a + 25 = 5*a. Let w = -10 - a. Calculate the highest common divisor of w and 10.
5
Suppose -16*s + 6980 + 3292 = 0. Calculate the greatest common divisor of 18 and s.
6
Let m be (-3)/(-4)*63480/90. What is the highest common factor of m and 23?
23
Let p(c) = c + 11. Suppose -3*i - 3*m = -9, 3*i - i - 2 = 2*m. Let a be (i/6)/(6/(-126)). Let b be p(a). What is the greatest common divisor of 6 and b?
2
Suppose 3*h - b = 2*h - 28, b = 2*h + 55. Let t = 15 + h. Let a = 20 + t. Calculate the highest common factor of a and 8.
8
Let u(b) = 34*b + 66. Let s be u(31). What is the highest common factor of s and 35?
35
Suppose -p = 5*s - 7591, 70*p + 7579 = 5*s + 74*p. Calculate the greatest common factor of s and 31.
31
Let r be (-13)/(-6) + 1 - 2/12. Suppose -r*a - 17 = -6*a - x, -2*x = -10. Calculate the greatest common divisor of 6 and a.
2
Let b be ((-101)/3 - 1)*(-210 - -207). Suppose 2*u + 20 = 58. Let f = 45 - u. What is the highest common factor of b and f?
26
Let i = 60 + 120. Suppose -156 = -4*q - 29*r + 25*r, r + 177 = 5*q. Calculate the greatest common divisor of i and q.
36
Let b(n) = 21*n - 1. Let x be b(1). Let t be (-60)/(-9)*(-3)/(-2). Calculate the highest common factor of x and t.
10
Let f(r) = 28*r**2. Let k be f(-2). Let y be -1*21*18/(-27). What is the greatest common factor of k and y?
14
Let b be (-20)/(-2)*-14*(-18)/63. What is the greatest common divisor of b and 130?
10
Let h(p) = p + 8. Let g be h(6). Let w be (-30)/(-70) + 22/g. Let l be ((-4)/12)/(w/(-18)). Calculate the greatest common factor of 6 and l.
3
Let t be (26/(-4))/(2/(-8)). Suppose t = 4*y - 18. Calculate the greatest common divisor of y and 11.
11
Suppose 3*z - 266 - 301 = 0. Suppose 275 = 194*h - z*h. What is the greatest common factor of h and 5?
5
Suppose 4*u = x + 81, x = 3*u - 0*u - 61. Suppose 4*q = -3*s + 89, -q + 2*q = -3*s + u. Calculate the highest common factor of 92 and q.
23
Let h(q) = q. Let s be h(2). Let w be (s - -5)*2*-8. Let y = w + 182. Calculate the greatest common factor of 28 and y.
14
Let p be (-4)/3*9/(-6). Suppose -a - 21 = 2*g - 7*g, 4*a - p*g = 6. What is the highest common divisor of 10 and a?
2
Let o(w) = -2*w - 2. Let u be o(3). Let p be (84 + 0)*(-68)/u. Suppose -p = -3*d - 120. What is the highest common factor of d and 18?
18
Let j(i) = i**3 + i**2 + i + 74. Let q be j(0). Suppose t = 2*t - q. Let v = t + 113. Calculate the greatest common divisor of 17 and v.
17
Suppose 0 = -282*y + 278*y + 588. What is the highest common divisor of y and 189?
21
Let d(v) = v**2 - v - 8. Let o(x) = x. Let q(k) = d(k) + 4*o(k). Let h be q(-7). Let n be (48/10)/(h/450). What is the highest common divisor of n and 12?
12
Suppose -79*p - 14*p = -3627. Calculate the greatest common factor of 689 and p.
13
Suppose 2009 = 7*u + 721. Suppose c + 3*c + u = b, b + 2*c - 160 = 0. Calculate the highest common divisor of b and 56.
56
Suppose v = -2*t + 334, 5*t - 3*v - 111 - 735 = 0. Let n = t + -78. Calculate the highest common factor of 225 and n